{"id":755,"date":"2021-04-28T14:59:48","date_gmt":"2021-04-28T12:59:48","guid":{"rendered":"https:\/\/drive-solidaire.fr\/?post_type=product&#038;p=755"},"modified":"2021-05-06T09:59:36","modified_gmt":"2021-05-06T07:59:36","slug":"08-mai-2021-menu-de-la-fringaline","status":"publish","type":"product","link":"https:\/\/drive-solidaire.fr\/?product=08-mai-2021-menu-de-la-fringaline","title":{"rendered":"08 mai 2021 : Rougail Saucisses"},"content":{"rendered":"<p>(<span>photo non contractuelle<\/span>)<\/p>\n<p>&nbsp;<\/p>\n<p><strong>Pour 2 menus achet\u00e9s 1 bouteille de C\u00f4tes du Rh\u00f4ne offerte<\/strong><\/p>\n<p><strong>Offre sp\u00e9ciale :<\/strong> <strong>10% de r\u00e9duction ce jour l\u00e0 au magasin Bricorama<\/strong> (hors promotions en cours et \u00e9lectroportatif, voir conditions en magasin)<\/p>\n<p>&nbsp;<\/p>\n<p>Composition du Menu :<\/p>\n<ul>\n<li><span>Rougail<\/span><\/li>\n<li><span>Saucisses<\/span><\/li>\n<li><span><\/span>Riz<\/li>\n<\/ul>\n<p><span>R\u00e9servation sur le\u00a0site DRIVE SOLIDAIRE\u00a0<strong>avant le 06 mai 2021<\/strong><\/span><\/p>\n<p><strong>ATTENTION :<\/strong> Si vous voulez commander plusieurs produits appartenant \u00e0 diff\u00e9rents drives, vous devrez faire une commande par drive.<\/p>\n","protected":false},"excerpt":{"rendered":"<p><span>Le HBGG organise un drive solidaire avec ses partenaires La Fringaline, Bricorama, les Crus d&rsquo;sol et Impressions modernes.<\/span><\/p>\n<p><span>Drive \u00e0 retirer le <strong>samedi 8 mai 2021 entre 11h et 12h<\/strong> sur le parking de Bricorama \u00e0 Guilherand-Granges.<\/span><\/p>\n","protected":false},"featured_media":785,"template":"","meta":[],"product_brand":[],"product_cat":[23],"product_tag":[],"class_list":{"0":"post-755","1":"product","2":"type-product","3":"status-publish","4":"has-post-thumbnail","6":"product_cat-hbgg","8":"first","9":"outofstock","10":"shipping-taxable","11":"purchasable","12":"product-type-simple"},"_links":{"self":[{"href":"https:\/\/drive-solidaire.fr\/index.php?rest_route=\/wp\/v2\/product\/755","targetHints":{"allow":["GET"]}}],"collection":[{"href":"https:\/\/drive-solidaire.fr\/index.php?rest_route=\/wp\/v2\/product"}],"about":[{"href":"https:\/\/drive-solidaire.fr\/index.php?rest_route=\/wp\/v2\/types\/product"}],"wp:featuredmedia":[{"embeddable":true,"href":"https:\/\/drive-solidaire.fr\/index.php?rest_route=\/wp\/v2\/media\/785"}],"wp:attachment":[{"href":"https:\/\/drive-solidaire.fr\/index.php?rest_route=%2Fwp%2Fv2%2Fmedia&parent=755"}],"wp:term":[{"taxonomy":"product_brand","embeddable":true,"href":"https:\/\/drive-solidaire.fr\/index.php?rest_route=%2Fwp%2Fv2%2Fproduct_brand&post=755"},{"taxonomy":"product_cat","embeddable":true,"href":"https:\/\/drive-solidaire.fr\/index.php?rest_route=%2Fwp%2Fv2%2Fproduct_cat&post=755"},{"taxonomy":"product_tag","embeddable":true,"href":"https:\/\/drive-solidaire.fr\/index.php?rest_route=%2Fwp%2Fv2%2Fproduct_tag&post=755"}],"curies":[{"name":"wp","href":"https:\/\/api.w.org\/{rel}","templated":true}]}}